{"id":21247,"date":"2022-11-18T17:10:49","date_gmt":"2022-11-18T16:10:49","guid":{"rendered":"https:\/\/kopia.bawimisie.pl\/index.php\/produkt\/osmiornica-morska-23cm-2\/"},"modified":"2022-11-18T17:10:49","modified_gmt":"2022-11-18T16:10:49","slug":"osmiornica-morska-23cm-2","status":"publish","type":"product","link":"https:\/\/kopia.bawimisie.pl\/index.php\/produkt\/osmiornica-morska-23cm-2\/","title":{"rendered":"JELLYCAT jemio\u0142a 22 cm"},"content":{"rendered":"<p><span style=\"color:#2e2323;font-family:Nunito, sans-serif;font-size:15px;text-align:justify;\">Zawieszka jemio\u0142a z kolekcji\u00a0 amuseable<\/span><br style=\"color:#2e2323;font-family:Nunito, sans-serif;font-size:15px;text-align:justify;\" \/><span style=\"color:#2e2323;font-family:Nunito, sans-serif;font-size:15px;text-align:justify;\">Wymiary:H22 x W22 cm<\/span><br style=\"color:#2e2323;font-family:Nunito, sans-serif;font-size:15px;text-align:justify;\" \/><span style=\"color:#2e2323;font-family:Nunito, sans-serif;font-size:15px;text-align:justify;white-space:pre-wrap;\">Przetestowany zgodnie z europejsk\u0105 norm\u0105 bezpiecze\u0144stwa zabawek: EN71 cz\u0119\u015bci 1, 2 i 3, dla wszystkich grup wiekowych<br \/><\/span><span style=\"color:#2e2323;font-family:Nunito, sans-serif;font-size:15px;text-align:justify;white-space:pre-wrap;\">Nadaje si\u0119 od urodzenia<br \/>Producent:Jellycat<\/span><span style=\"color:#2e2323;font-family:Nunito, sans-serif;font-size:15px;text-align:justify;white-space:pre-wrap;\"><br \/><\/span><span style=\"color:#2e2323;font-family:Nunito, sans-serif;font-size:15px;text-align:justify;\">Pra\u0107 tylko r\u0119cznie, nie suszy\u0107 w suszarce, czy\u015bci\u0107 chemicznie ani prasowa\u0107.<\/span><\/p>\n","protected":false},"excerpt":{"rendered":"<p>Zawieszka jemio\u0142a z kolekcji\u00a0 amuseableWymiary:H22 x W22 cmPrzetestowany zgodnie z europejsk\u0105 norm\u0105 bezpiecze\u0144stwa zabawek: EN71 cz\u0119\u015bci 1, 2 i 3, dla wszystkich grup wiekowychNadaje si\u0119 od urodzeniaProducent:JellycatPra\u0107 tylko r\u0119cznie, nie suszy\u0107 w suszarce, czy\u015bci\u0107 chemicznie ani prasowa\u0107.<\/p>\n","protected":false},"featured_media":21245,"comment_status":"open","ping_status":"closed","template":"","meta":[],"product_cat":[33,37,18,19],"product_tag":[],"class_list":{"0":"post-21247","1":"product","2":"type-product","3":"status-publish","4":"has-post-thumbnail","6":"product_cat-dla-niemowlat","7":"product_cat-przytulanki","8":"product_cat-zabawki","9":"product_cat-lalki-i-przytulanki","11":"first","12":"instock","13":"shipping-taxable","14":"purchasable","15":"product-type-simple"},"_links":{"self":[{"href":"https:\/\/kopia.bawimisie.pl\/index.php\/wp-json\/wp\/v2\/product\/21247","targetHints":{"allow":["GET"]}}],"collection":[{"href":"https:\/\/kopia.bawimisie.pl\/index.php\/wp-json\/wp\/v2\/product"}],"about":[{"href":"https:\/\/kopia.bawimisie.pl\/index.php\/wp-json\/wp\/v2\/types\/product"}],"replies":[{"embeddable":true,"href":"https:\/\/kopia.bawimisie.pl\/index.php\/wp-json\/wp\/v2\/comments?post=21247"}],"wp:featuredmedia":[{"embeddable":true,"href":"https:\/\/kopia.bawimisie.pl\/index.php\/wp-json\/wp\/v2\/media\/21245"}],"wp:attachment":[{"href":"https:\/\/kopia.bawimisie.pl\/index.php\/wp-json\/wp\/v2\/media?parent=21247"}],"wp:term":[{"taxonomy":"product_cat","embeddable":true,"href":"https:\/\/kopia.bawimisie.pl\/index.php\/wp-json\/wp\/v2\/product_cat?post=21247"},{"taxonomy":"product_tag","embeddable":true,"href":"https:\/\/kopia.bawimisie.pl\/index.php\/wp-json\/wp\/v2\/product_tag?post=21247"}],"curies":[{"name":"wp","href":"https:\/\/api.w.org\/{rel}","templated":true}]}}