{"id":22249,"date":"2023-02-27T16:52:06","date_gmt":"2023-02-27T15:52:06","guid":{"rendered":"https:\/\/kopia.bawimisie.pl\/index.php\/produkt\/puzzle-tekturowe-tukan-24-el-dj07283-3\/"},"modified":"2023-02-27T16:52:06","modified_gmt":"2023-02-27T15:52:06","slug":"puzzle-tekturowe-tukan-24-el-dj07283-3","status":"publish","type":"product","link":"https:\/\/kopia.bawimisie.pl\/index.php\/produkt\/puzzle-tekturowe-tukan-24-el-dj07283-3\/","title":{"rendered":"Puzzle tekturowe TUKAN 24 el. DJ07283"},"content":{"rendered":"<p><span style=\"color:#111111;font-family:Atma;font-size:18px;background-color:rgba(255,255,255,.92);\">TUKAN &#8211; to pi\u0119knie ilustrowana uk\u0142adanka. Puzzle sk\u0142adaj\u0105 si\u0119 z 24 element\u00f3w. Uk\u0142adanie puzzli \u0107wiczy cierpliwo\u015b\u0107, ma\u0142\u0105 motoryk\u0119. Puzzle wykonane z grubego, lakierowanego kartonu.<\/span><br style=\"color:#111111;font-family:Atma;font-size:18px;background-color:rgba(255,255,255,.92);\" \/><span style=\"color:#111111;font-family:Atma;font-size:18px;background-color:rgba(255,255,255,.92);\">Wszystkie elementy mo\u017cna bezpiecznie przechowywa\u0107 w stabilnym kartonowym pude\u0142ku.<\/span><br style=\"color:#111111;font-family:Atma;font-size:18px;background-color:rgba(255,255,255,.92);\" \/><span style=\"color:#111111;font-family:Atma;font-size:18px;background-color:rgba(255,255,255,.92);\">\u00a0<\/span><br style=\"color:#111111;font-family:Atma;font-size:18px;background-color:rgba(255,255,255,.92);\" \/><span style=\"color:#111111;font-family:Atma;font-size:18px;background-color:rgba(255,255,255,.92);\">Uk\u0142adanki o wymiarach: 42 x 30 cm<\/span><br style=\"color:#111111;font-family:Atma;font-size:18px;background-color:rgba(255,255,255,.92);\" \/><span style=\"color:#111111;font-family:Atma;font-size:18px;background-color:rgba(255,255,255,.92);\">Wiek +3 lata<\/span><br style=\"color:#111111;font-family:Atma;font-size:18px;background-color:rgba(255,255,255,.92);\" \/><span style=\"color:#111111;font-family:Atma;font-size:18px;background-color:rgba(255,255,255,.92);\">Wymiary opakowania: 23 x 26 x 6 cm<\/span><br style=\"color:#111111;font-family:Atma;font-size:18px;background-color:rgba(255,255,255,.92);\" \/><span style=\"color:#111111;font-family:Atma;font-size:18px;background-color:rgba(255,255,255,.92);\">Produkt z papieru i tektury z certyfikatem FSC\u00ae.<\/span><\/p>\n","protected":false},"excerpt":{"rendered":"<p>TUKAN &#8211; to pi\u0119knie ilustrowana uk\u0142adanka. Puzzle sk\u0142adaj\u0105 si\u0119 z 24 element\u00f3w. Uk\u0142adanie puzzli \u0107wiczy cierpliwo\u015b\u0107, ma\u0142\u0105 motoryk\u0119. Puzzle wykonane z grubego, lakierowanego kartonu.Wszystkie elementy mo\u017cna bezpiecznie przechowywa\u0107 w stabilnym kartonowym pude\u0142ku.\u00a0Uk\u0142adanki o wymiarach: 42 x 30 cmWiek +3 lataWymiary opakowania: 23 x 26 x 6 cmProdukt z papieru i tektury z certyfikatem FSC\u00ae.<\/p>\n","protected":false},"featured_media":22244,"comment_status":"open","ping_status":"closed","template":"","meta":[],"product_cat":[20,21],"product_tag":[],"class_list":{"0":"post-22249","1":"product","2":"type-product","3":"status-publish","4":"has-post-thumbnail","6":"product_cat-ukladanki-i-gry","7":"product_cat-puzzle-ukladanki-i-gry","9":"first","10":"instock","11":"shipping-taxable","12":"purchasable","13":"product-type-simple"},"_links":{"self":[{"href":"https:\/\/kopia.bawimisie.pl\/index.php\/wp-json\/wp\/v2\/product\/22249","targetHints":{"allow":["GET"]}}],"collection":[{"href":"https:\/\/kopia.bawimisie.pl\/index.php\/wp-json\/wp\/v2\/product"}],"about":[{"href":"https:\/\/kopia.bawimisie.pl\/index.php\/wp-json\/wp\/v2\/types\/product"}],"replies":[{"embeddable":true,"href":"https:\/\/kopia.bawimisie.pl\/index.php\/wp-json\/wp\/v2\/comments?post=22249"}],"wp:featuredmedia":[{"embeddable":true,"href":"https:\/\/kopia.bawimisie.pl\/index.php\/wp-json\/wp\/v2\/media\/22244"}],"wp:attachment":[{"href":"https:\/\/kopia.bawimisie.pl\/index.php\/wp-json\/wp\/v2\/media?parent=22249"}],"wp:term":[{"taxonomy":"product_cat","embeddable":true,"href":"https:\/\/kopia.bawimisie.pl\/index.php\/wp-json\/wp\/v2\/product_cat?post=22249"},{"taxonomy":"product_tag","embeddable":true,"href":"https:\/\/kopia.bawimisie.pl\/index.php\/wp-json\/wp\/v2\/product_tag?post=22249"}],"curies":[{"name":"wp","href":"https:\/\/api.w.org\/{rel}","templated":true}]}}