{"id":23348,"date":"2023-04-19T17:18:12","date_gmt":"2023-04-19T15:18:12","guid":{"rendered":"https:\/\/kopia.bawimisie.pl\/index.php\/produkt\/ukladanka-drewniana-magnetyczna-z-40-magnesami-male-zwierzatka-2-janod\/"},"modified":"2023-04-19T17:18:12","modified_gmt":"2023-04-19T15:18:12","slug":"ukladanka-drewniana-magnetyczna-z-40-magnesami-male-zwierzatka-2-janod","status":"publish","type":"product","link":"https:\/\/kopia.bawimisie.pl\/index.php\/produkt\/ukladanka-drewniana-magnetyczna-z-40-magnesami-male-zwierzatka-2-janod\/","title":{"rendered":"JANOD Uk\u0142adanka drewniana magnetyczna z 40 magnesami Ma\u0142e zwierz\u0105tka 2+, Janod"},"content":{"rendered":"<p class=\"western\" align=\"justify\" style=\"margin:0px 0px 0cm;padding:0px;color:#333333;font-family:Poppins, sans-serif;font-size:13px;\">Magnetyczna uk\u0142adanka mapa \u015bwiata Ma\u0142e zwierz\u0105tka francuskiej marki JANOD to doskona\u0142a zabawka, rozwijaj\u0105ca kreatywno\u015b\u0107 i wyobra\u017ani\u0119. Zabawa polega na uk\u0142adaniu magnes\u00f3w na du\u017cej drewnianej planszy z grafik\u0105 mapy \u015bwiata. W zestawie jest a\u017c 40 magnes\u00f3w, przedstawiaj\u0105cych r\u00f3\u017cne m\u0142ode zwierz\u0119ta, m.in.: flaminga, ork\u0119, lam\u0119, maskonura, bizona czy koal\u0119, kt\u00f3re nale\u017cy umieszcza\u0107 na mapie, zgodnie z rejonem ich wyst\u0119powania. Uk\u0142adanka ta b\u0119dzie s\u0142u\u017cy\u0107 dziecku przed bardzo d\u0142ugi czas i niepr\u0119dko si\u0119 znudzi. Jest pi\u0119knie wykonana, co dodatkowo rozbudza zmys\u0142 estetyczny, a ponadto \u0107wiczy logiczne my\u015blenie oraz sprawno\u015b\u0107 manualn\u0105 u dziecka. To tak\u017ce \u015bwietny spos\u00f3b na nauk\u0119 przyrody. Do uk\u0142adanki do\u0142\u0105czona jest ulotka z nazwami wszystkich gatunk\u00f3w zwierz\u0105t na planszy w j\u0119zyku francuskim, angielskim i niemieckim. Plansz\u0119 mo\u017cna zawiesi\u0107 na sznurku. Zabawka zosta\u0142a zaprojektowana we Francji. Prezentuje si\u0119 bardzo estetycznie i doskonale nadaje si\u0119 na prezent.<\/p>\n<p class=\"western\" align=\"justify\" style=\"margin:0px 0px 0cm;padding:0px;color:#333333;font-family:Poppins, sans-serif;font-size:13px;\">Zabawki magnetyczne JANOD to inspiruj\u0105cy pomys\u0142 na pobudzanie dzieci\u0119cej wyobra\u017ani i rozw\u00f3j jego sprawno\u015bci manualnej. Wielko\u015b\u0107 magnes\u00f3w jest odpowiednia dla wieku dziecka, a zestawy maj\u0105 ciekaw\u0105 tematyk\u0119 i wiele mo\u017cliwo\u015bci zastosowa\u0144. Wyr\u00f3\u017cnia je wysoka jako\u015b\u0107 materia\u0142\u00f3w i estetyka wykonania.<\/p>\n<p><button type=\"button\" id=\"toggleDescription\" style=\"margin:25px auto 50px;padding:0px;font-family:inherit;font-size:15px;background-position:0px center;border:0px;\"><\/button><\/p>\n<div id=\"longdescription_hidden\" style=\"margin:0px;padding:0px;height:auto;color:#333333;font-family:Poppins, sans-serif;font-size:13px;font-style:normal;font-weight:400;letter-spacing:normal;text-align:left;text-indent:0px;text-transform:none;white-space:normal;word-spacing:0px;\">\n<p class=\"western\" align=\"justify\" style=\"margin:0px 0px 0cm;padding:0px;\">Zabawka rozwija:<br style=\"margin:0px;padding:0px;\" \/>&#8211; umiej\u0119tno\u015b\u0107 budowania i projektowania<br style=\"margin:0px;padding:0px;\" \/>&#8211; pami\u0119\u0107 i koncentracj\u0119<\/p>\n<p class=\"western\" align=\"justify\" style=\"margin:0px 0px 0cm;padding:0px;\">kategoria: zabawki magnetyczne<br style=\"margin:0px;padding:0px;\" \/>indeks: J05468<br style=\"margin:0px;padding:0px;\" \/>producent: Janod<br style=\"margin:0px;padding:0px;\" \/>wiek: 2+<br style=\"margin:0px;padding:0px;\" \/>liczba element\u00f3w: plansza + 40 magnes\u00f3w<br style=\"margin:0px;padding:0px;\" \/>materia\u0142: magnes\/twardy karton<br style=\"margin:0px;padding:0px;\" \/>design: Francja<br style=\"margin:0px;padding:0px;\" \/>wymiary produktu: 42 x 0,7 x 29,7 cm<br style=\"margin:0px;padding:0px;\" \/>waga produktu: 0,90 kg<br style=\"margin:0px;padding:0px;\" \/>wymiary opakowania: 43,2 x 1,5 x 31 cm<br style=\"margin:0px;padding:0px;\" \/>bezpiecze\u0144stwo i jako\u015b\u0107: EN71-1; EN71-2, EN71-3; REACH<\/p>\n<p class=\"western\" align=\"justify\" style=\"margin:0px 0px 0cm;padding:0px;\"><strong style=\"margin:0px;padding:0px;font-weight:bold;\">O marce:<br style=\"margin:0px;padding:0px;\" \/><\/strong>Janod od 1970 roku niezmiennie projektuje zabawki, \u0142\u0105cz\u0105ce innowacyjno\u015b\u0107 z francuskim designem i najwy\u017csz\u0105 jako\u015bci\u0105. Unikalne produkty Janod tworzone s\u0105 z drewna i innych solidnych, trwa\u0142ych materia\u0142\u00f3w, a przede wszystkim \u2013 z dzieci\u0119cych marze\u0144! Janod \u2013 PLAY DIFFERENT<\/p>\n<p class=\"western\" align=\"justify\" style=\"margin:0px 0px 0cm;padding:0px;\">\u00a0<\/p>\n<\/p><\/div>\n","protected":false},"excerpt":{"rendered":"<p>Magnetyczna uk\u0142adanka mapa \u015bwiata Ma\u0142e zwierz\u0105tka francuskiej marki JANOD to doskona\u0142a zabawka, rozwijaj\u0105ca kreatywno\u015b\u0107 i wyobra\u017ani\u0119. Zabawa polega na uk\u0142adaniu magnes\u00f3w na du\u017cej drewnianej planszy z grafik\u0105 mapy \u015bwiata. W zestawie jest a\u017c 40 magnes\u00f3w, przedstawiaj\u0105cych r\u00f3\u017cne m\u0142ode zwierz\u0119ta, m.in.: flaminga, ork\u0119, lam\u0119, maskonura, bizona czy koal\u0119, kt\u00f3re nale\u017cy umieszcza\u0107 na mapie, zgodnie z rejonem [&hellip;]<\/p>\n","protected":false},"featured_media":23347,"comment_status":"open","ping_status":"closed","template":"","meta":[],"product_cat":[20],"product_tag":[],"class_list":{"0":"post-23348","1":"product","2":"type-product","3":"status-publish","4":"has-post-thumbnail","6":"product_cat-ukladanki-i-gry","8":"first","9":"instock","10":"shipping-taxable","11":"purchasable","12":"product-type-simple"},"_links":{"self":[{"href":"https:\/\/kopia.bawimisie.pl\/index.php\/wp-json\/wp\/v2\/product\/23348","targetHints":{"allow":["GET"]}}],"collection":[{"href":"https:\/\/kopia.bawimisie.pl\/index.php\/wp-json\/wp\/v2\/product"}],"about":[{"href":"https:\/\/kopia.bawimisie.pl\/index.php\/wp-json\/wp\/v2\/types\/product"}],"replies":[{"embeddable":true,"href":"https:\/\/kopia.bawimisie.pl\/index.php\/wp-json\/wp\/v2\/comments?post=23348"}],"wp:featuredmedia":[{"embeddable":true,"href":"https:\/\/kopia.bawimisie.pl\/index.php\/wp-json\/wp\/v2\/media\/23347"}],"wp:attachment":[{"href":"https:\/\/kopia.bawimisie.pl\/index.php\/wp-json\/wp\/v2\/media?parent=23348"}],"wp:term":[{"taxonomy":"product_cat","embeddable":true,"href":"https:\/\/kopia.bawimisie.pl\/index.php\/wp-json\/wp\/v2\/product_cat?post=23348"},{"taxonomy":"product_tag","embeddable":true,"href":"https:\/\/kopia.bawimisie.pl\/index.php\/wp-json\/wp\/v2\/product_tag?post=23348"}],"curies":[{"name":"wp","href":"https:\/\/api.w.org\/{rel}","templated":true}]}}